What is -634b5c (base 14) in base 12?
-1159952
What is -63573 (base 16) in base 2?
-1100011010101110011
-2129d (base 16) to base 12
-66739
205420 (base 7) to base 6
432311
Convert 15252433 (base 6) to base 4.
2002310211
-23656155 (base 7) to base 13
-5908c5
-55342131 (base 7) to base 3
-22222011202000
1113620 (base 7) to base 6
2543442
What is -249a23 (base 12) in base 3?
-1010100210100
What is 14643245 (base 8) in base 14?
636901
What is 30324124 (base 5) in base 7?
2041600
Convert 7b9654 (base 13) to base 16.
2cc53e
-22621265 (base 7) to base 11
-1139002
Convert -120210102220 (base 3) to base 2.
-1001011111001011011
What is -822 (base 10) in base 9?
-1113
Convert 1100000100111010 (base 2) to base 10.
49466
What is 32ac (base 14) in base 4?
2021020
25161215 (base 7) to base 3
11021011201212
3606297 (base 11) to base 9
12745286
What is 2731a (base 14) in base 11?
66686
148711 (base 12) to base 10
346621
What is 13441333 (base 5) in base 10?
140218
-477676 (base 12) to base 3
-2011121100100
Convert 5c4b (base 13) to base 3.
122221022
Convert -33230125 (base 6) to base 4.
-3303331211
-23a6369 (base 11) to base 6
-225340553
What is -173b6d (base 16) in base 4?
-11303231231
Convert -4e062 (base 15) to base 4.
-330333302
What is -1111111110110011011101 (base 2) in base 9?
-7784704
310214 (base 7) to base 16
cec3
-321121212 (base 4) to base 11
-150707
1577734 (base 8) to base 7
3620236
What is -54ac1 (base 13) in base 11?
-a5311
-1132231100 (base 4) to base 7
-3203651
49b012 (base 12) to base 9
2230375
11555313 (base 7) to base 2
11111101101100000000
What is -41050102 (base 6) in base 2?
-100011110010110110110
Convert -111011110011101011000 (base 2) to base 3.
-10200120022000
-373e78 (base 15) to base 5
-1134132023
What is 22625573 (base 9) in base 3?
202200212122110
What is 43312433 (base 5) in base 8?
1322117
Convert -110300302220 (base 4) to base 10.
-5442728
20000121100 (base 3) to base 14
312b1
Convert 7245796 (base 11) to base 6.
1134041132
What is -100100001000010010000101 (base 2) in base 6?
-534555421
What is 4206204 (base 7) in base 4?
1323220002
What is 31454 (base 7) in base 13?
3707
102121202010 (base 3) to base 9
377663
What is -323323202 (base 5) in base 15?
-1c5a37
33010123313 (base 4) to base 8
17043367
6a790 (base 12) to base 11
9832a
What is 49d8 (base 14) in base 8?
31202
2604c (base 14) to base 16
16cb4
What is -214253 (base 8) in base 12?
-356b7
4372451 (base 9) to base 6
122214414
Convert -10332133333 (base 4) to base 15.
-1ab81a
What is -3637 (base 9) in base 8?
-5223
What is -11e898 (base 16) in base 3?
-2012121221202
-33585 (base 15) to base 10
-163250
What is -121111422 (base 5) in base 15?
-b2cac
Convert -10010010010000011111 (base 2) to base 10.
-599071
-23665342 (base 8) to base 15
-6cc206
-1000111001010111110 (base 2) to base 6
-10125342
Convert -1289644 (base 13) to base 12.
-1b4739a
What is 1532010 (base 6) in base 5?
10333422
What is -1105236 (base 7) in base 3?
-20220222000
-101100001100110100011010 (base 2) to base 6
-1052202442
Convert -cbe90 (base 15) to base 13.
-198ba3
-300101320120 (base 4) to base 13
-2811862
What is 1021022212201 (base 3) in base 7?
5512645
Convert -4668841 (base 9) to base 14.
-49a765
Convert -a32a7 (base 14) to base 11.
-249240
Convert -2068b4 (base 12) to base 13.
-14aa96
-1025054 (base 9) to base 3
-1000212001211
What is 15553553 (base 7) in base 6?
52202432
48d1 (base 16) to base 10
18641
What is -20103340 (base 5) in base 6?
-3232005
2347451 (base 8) to base 9
1178745
Convert -5722101 (base 9) to base 8.
-13611632
Convert 1452413 (base 9) to base 7.
6550611
What is 3ba972 (base 13) in base 7?
15224112
What is 680834 (base 9) in base 2?
1100011011110100101
-27352 (base 9) to base 16
-4853
Convert -662289 (base 11) to base 6.
-34354121
Convert 1801023 (base 10) to base 7.
21210540
Convert -10110011100110001 (base 2) to base 15.
-1c3a3
Convert -3c18df (base 16) to base 14.
-747475
-6300634 (base 7) to base 3
-1102102220111
1011000110011011 (base 2) to base 4
23012123
Convert -14a82 (base 12) to base 3.
-1111000222
Convert 2106889 (base 10) to base 7.
23623351
What is -1103921 (base 10) in base 14?
-20a437
110011110100011001000 (base 2) to base 11
a5a7aa
654aa (base 14) to base 3
110110021122
20c5796 (base 13) to base 2
100110001011100001000001
Convert -151532 (base 6) to base 15.
-4532
-42212021 (base 5) to base 7
-2660664
What is 3ee277 (base 15) in base 5?
1234102222
What is 201103010322 (base 4) in base 12?
2b0b536
Convert -1415443 (base 7) to base 12.
-91604
What is 123120 (base 7) in base 3?
1011010210
What is 100123133 (base 4) in base 15?
14e15
What is 2467461 (base 8) in base 16?
a6f31
What is 4e376 (base 15) in base 12?
100ba0
-15509a (base 11) to base 2
-111010110101111100
37c2c (base 15) to base 4
223201002
What is 1000100110000011001000 (base 2) in base 11?
12a9792
11291 (base 11) to base 7
65364
What is 42444 (base 13) in base 7?
1005006
Convert 978269 (base 10) to base 12.
3b2165
What is -3383635 (base 9) in base 8?
-6757547
Convert 1e9ca7 (base 16) to base 3.
10202220222002
What is 44216 (base 8) in base 3?
221110221
Convert -3bb5b (base 13) to base 3.
-12200100012
What is -823f36 (base 16) in base 12?
-2a3789a
What is 3442145 (base 6) in base 13?
625b5
What is -7bbba (base 13) in base 9?
-374138
Convert -1180812 (base 10) to base 7.
-13015413
116a312 (base 11) to base 13
562b48
Convert -3617567 (base 8) to base 2.
-11110001111101110111
What is -3150a (base 14) in base 15?
-253c2
Convert -187712 (base 9) to base 8.
-344742
What is -1775537 (base 10) in base 4?
-12301132301
What is 4300344300 (base 5) in base 6?
520455545
Convert -23002013 (base 6) to base 12.
-299309
What is 110111010101111010 (base 2) in base 12?
ab222
What is -13556535 (base 8) in base 10?
-3071325
Convert 567c0 (base 16) to base 15.
6ee60
What is 11365e (base 15) in base 7?
6661142
-315205021 (base 6) to base 4
-111033203011
Convert 77655 (base 11) to base 15.
23560
Convert -412653 (base 7) to base 9.
-116816
Convert -4407264 (base 10) to base 15.
-5c0cc9
Convert -643a8 (base 13) to base 15.
-38884
-313387 (base 10) to base 12
-131437
What is 467293 (base 15) in base 5?
1330143323
What is 101012010 (base 3) in base 10?
7428
What is 2713905 (base 10) in base 2?
1010010110100100110001
Convert -2046430 (base 7) to base 10.
-247177
Convert 12201002101 (base 3) to base 9.
181071
What is -1038c (base 14) in base 15?
-b8d8
What is -8b9d4 (base 15) in base 6?
-13305101
Convert -121001112 (base 3) to base 13.
-5435
What is -c7a6d (base 16) in base 5?
-202132043
-11b84b9 (base 13) to base 2
-10101000110010000110101
1011100011010011 (base 2) to base 5
3003230
Convert -4593799 (base 10) to base 8.
-21414207
Convert 8b1675 (base 16) to base 3.
122011002202222
266741 (base 8) to base 2
10110110111100001
13430030 (base 5) to base 3
21002012121
Convert -12b774 (base 12) to base 13.
-ab397
Convert 22aa9b (base 15) to base 14.
3117a2
-11515a (base 12) to base 5
-32402142
34726 (base 10) to base 8
103646
Convert 10180100 (base 9) to base 11.
2843415
Convert -326e7 (base 15) to base 8.
-470700
What is 63a581 (base 13) in base 4?
20322121221
What is 121800a (base 11) in base 7?
24003506
Convert -2332443403 (base 5) to base 7.
-63360400
Convert 100000100010010001010 (base 2) to base 10.
1066122
Convert -12020112210 (base 3) to base 7.
-606561
-305625 (base 7) to base 10
-52449
What is -3213200012 (base 4) in base 12?
-3988b2
What is -111101011000100011 (base 2) in base 8?
-753043
14054b (base 16) to base 14
262239
What is 384672 (base 9) in base 2?
111000111010001110
What is -101011100100010000101 (base 2) in base 15?
-1d2ec9
3331079 (base 11) to base 6
325123424
What is -100001110100111111 (base 2) in base 4?
-201310333
100002003 (base 4) to base 12
32003
What is -35ca0 (base 13) in base 4?
-120020022
747447 (base 8) to base 12
100573
Convert f63b (base 16) to base 7.
351530
-163161 (base 13) to base 8
-2061172
31241314 (base 7) to base 11
1538505
What is 1017c (base 15) in base 11?
35324
-3887852 (base 12) to base 16
-a9cbfe
-1d0538 (base 14) to base 12
-420a1a
-1212323130 (base 4) to base 5
-101442341
Convert 23b5a8 (base 13) to base 8.
3202653
Convert 10011111001000110101 (base 2) to base 15.
cd204
Convert -12210011